
What is the hundred thousands digit of 7397226?
3
What is the millions digit of 115640626?
5
What is the ten millions digit of 726477061?
2
What is the thousands digit of 227741775?
1
What is the millions digit of 145148269?
5
What is the thousands digit of 168937945?
7
What is the hundreds digit of 291450298?
2
What is the units digit of 111834567?
7
What is the millions digit of 8321785?
8
What is the units digit of 84742591?
1
What is the ten thousands digit of 89325870?
2
What is the thousands digit of 47322152?
2
What is the thousands digit of 834661998?
1
What is the hundreds digit of 2999300747?
7
What is the hundred thousands digit of 480782226?
7
What is the millions digit of 6669790?
6
What is the tens digit of 1124864120?
2
What is the tens digit of 30196005?
0
What is the ten thousands digit of 6144044?
4
What is the units digit of 94337171?
1
What is the millions digit of 1084464397?
4
What is the hundred thousands digit of 61227997?
2
What is the millions digit of 2416653113?
6
What is the ten thousands digit of 364253172?
5
What is the tens digit of 443783950?
5
What is the ten thousands digit of 1127871146?
7
What is the billions digit of 1248937333?
1
What is the units digit of 3102541416?
6
What is the thousands digit of 110804976?
4
What is the tens digit of 41674289?
8
What is the hundreds digit of 849429289?
2
What is the units digit of 301579261?
1
What is the ten thousands digit of 143823846?
2
What is the units digit of 687578837?
7
What is the thousands digit of 47921446?
1
What is the ten thousands digit of 62508452?
0
What is the hundred thousands digit of 54407441?
4
What is the ten millions digit of 1058703432?
5
What is the hundreds digit of 74246224?
2
What is the tens digit of 165367438?
3
What is the ten millions digit of 178804103?
7
What is the millions digit of 314663655?
4
What is the units digit of 74107748?
8
What is the ten millions digit of 860152801?
6
What is the ten thousands digit of 80095763?
9
What is the ten thousands digit of 3928738038?
3
What is the hundred thousands digit of 109373552?
3
What is the thousands digit of 5193322?
3
What is the ten millions digit of 1379354756?
7
What is the ten thousands digit of 127653697?
5
What is the ten millions digit of 25224741?
2
What is the ten thousands digit of 76570156?
7
What is the hundreds digit of 415225757?
7
What is the tens digit of 11557458?
5
What is the hundred millions digit of 1605703446?
6
What is the millions digit of 902058661?
2
What is the ten millions digit of 135856928?
3
What is the ten millions digit of 63360558?
6
What is the ten thousands digit of 4740642228?
4
What is the hundred thousands digit of 646145207?
1
What is the hundred thousands digit of 1915380256?
3
What is the tens digit of 89451475?
7
What is the hundred millions digit of 4575187976?
5
What is the hundred millions digit of 183980268?
1
What is the tens digit of 5433458886?
8
What is the hundreds digit of 114183968?
9
What is the hundreds digit of 555586?
5
What is the hundred thousands digit of 1293140719?
1
What is the ten millions digit of 4338922682?
3
What is the hundreds digit of 4674996496?
4
What is the hundred thousands digit of 104605209?
6
What is the tens digit of 2545576417?
1
What is the units digit of 749556500?
0
What is the units digit of 288153037?
7
What is the millions digit of 3008810409?
8
What is the hundred thousands digit of 871604484?
6
What is the tens digit of 4831522574?
7
What is the hundreds digit of 188314309?
3
What is the units digit of 70314456?
6
What is the units digit of 546071481?
1
What is the ten millions digit of 21746001?
2
What is the millions digit of 690113756?
0
What is the hundred millions digit of 126784483?
1
What is the hundreds digit of 61323159?
1
What is the ten millions digit of 288179481?
8
What is the thousands digit of 1356878033?
8
What is the tens digit of 108862139?
3
What is the ten thousands digit of 30736980?
3
What is the thousands digit of 64720108?
0
What is the hundred thousands digit of 90518673?
5
What is the hundred millions digit of 1780477434?
7
What is the thousands digit of 45536694?
6
What is the hundred thousands digit of 61974713?
9
What is the ten millions digit of 545403173?
4
What is the tens digit of 1032925803?
0
What is the tens digit of 39417634?
3
What is the units digit of 74965925?
5
What is the tens digit of 137823227?
2
What is the billions digit of 3086124282?
3
What is the hundred thousands digit of 435042401?
0
What is the hundred millions digit of 889660750?
8
What is the ten thousands digit of 175527432?
2
What is the hundred thousands digit of 87358097?
3
What is the tens digit of 202622552?
5
What is the millions digit of 97435893?
7
What is the units digit of 297965336?
6
What is the tens digit of 143281861?
6
What is the thousands digit of 7765455?
5
What is the ten millions digit of 829139323?
2
What is the tens digit of 132221607?
0
What is the ten thousands digit of 454616?
5
What is the tens digit of 108735648?
4
What is the ten thousands digit of 1666677191?
7
What is the millions digit of 57909318?
7
What is the hundred thousands digit of 71757579?
7
What is the ten millions digit of 3339946246?
3
What is the ten thousands digit of 508615892?
1
What is the hundreds digit of 243047398?
3
What is the tens digit of 23291352?
5
What is the billions digit of 2106757683?
2
What is the ten millions digit of 93513792?
9
What is the hundred millions digit of 421817832?
4
What is the millions digit of 141694225?
1
What is the tens digit of 784710501?
0
What is the hundreds digit of 1538512089?
0
What is the thousands digit of 432575703?
5
What is the hundreds digit of 105838431?
4
What is the hundred thousands digit of 47812655?
8
What is the hundred millions digit of 257099020?
2
What is the hundred thousands digit of 252344821?
3
What is the units digit of 828070678?
8
What is the ten millions digit of 94331088?
9
What is the ten millions digit of 12708463?
1
What is the tens digit of 510301188?
8
What is the hundred millions digit of 401259609?
4
What is the tens digit of 873104750?
5
What is the hundreds digit of 43639194?
1
What is the hundred thousands digit of 1239405072?
4
What is the hundred thousands digit of 77630784?
6
What is the ten thousands digit of 1774283608?
8
What is the units digit of 171506047?
7
What is the tens digit of 148586956?
5
What is the tens digit of 98712435?
3
What is the ten millions digit of 1355522561?
5
What is the hundred thousands digit of 76406431?
4
What is the hundreds digit of 935875205?
2
What is the thousands digit of 424298525?
8
What is the hundred thousands digit of 132606138?
6
What is the hundreds digit of 26414133?
1
What is the ten thousands digit of 517267002?
6
What is the units digit of 264310083?
3
What is the hundreds digit of 5767299023?
0
What is the millions digit of 79215834?
9
What is the ten thousands digit of 282536168?
3
What is the hundreds digit of 39062702?
7
What is the ten millions digit of 25240478?
2
What is the millions digit of 14064095?
4
What is the ten thousands digit of 1344789870?
8
What is the thousands digit of 235446969?
6
What is the tens digit of 7017244?
4
What is the tens digit of 311209709?
0
What is the hundreds digit of 569438899?
8
What is the ten thousands digit of 891182?
9
What is the ten thousands digit of 2680667094?
6
What is the thousands digit of 7730292?
0
What is the ten millions digit of 234994477?
3
What is the tens digit of 4336082914?
1
What is the hundred thousands digit of 1313826580?
8
What is the ten thousands digit of 1062709068?
0
What is the millions digit of 1372774233?
2
What is the tens digit of 96571901?
0
What is the thousands digit of 84526177?
6
What is the units digit of 1478981433?
3
What is the ten thousands digit of 145589182?
8
What is the ten thousands digit of 62971623?
7
What is the thousands digit of 63394390?
4
What is the units digit of 533295676?
6
What is the tens digit of 2243059686?
8
What is the hundreds digit of 16922025?
0
What is the tens digit of 193873318?
1
What is the hundred millions digit of 1069466520?
0
What is the millions digit of 2246899239?
6
What is the ten millions digit of 68449285?
6
What is the hundred millions